{"id":36,"date":"2023-12-23T08:49:15","date_gmt":"2023-12-23T07:49:15","guid":{"rendered":"https:\/\/frezkom.pl\/?page_id=36"},"modified":"2025-09-28T16:08:22","modified_gmt":"2025-09-28T14:08:22","slug":"kontakt","status":"publish","type":"page","link":"https:\/\/frezkom.pl\/?page_id=36","title":{"rendered":"KONTAKT"},"content":{"rendered":"\n<p>Poni\u017cej&nbsp;znajd\u0105 Pa\u0144stwo wszelkie dane potrzebne do&nbsp;skontaktowania si\u0119 z&nbsp;nami.<\/p>\n\n\n<h4>Telefon: 663-305-656<\/h4>\n<h4>Adres e-mail: <a href=\"mailto:kominiarznaklo@gmail.com\">kominiarznaklo@gmail.com<\/a><\/h4>\n<h3>Dane firmy:<\/h3>\n<p>Zak\u0142ad Kominiarski FREZKOM Artur Grochowski<\/p>\n<p>ul. Topolowa 5A<\/p>\n<p>89-121 \u015alesin<\/p>\n<p>NIP: 558-187-68-76<\/p>","protected":false},"excerpt":{"rendered":"<p>Poni\u017cej&nbsp;znajd\u0105 Pa\u0144stwo wszelkie dane potrzebne do&nbsp;skontaktowania si\u0119 z&nbsp;nami. Telefon: 663-305-656 Adres e-mail: kominiarznaklo@gmail.com Dane firmy: Zak\u0142ad Kominiarski FREZKOM Artur Grochowski ul. Topolowa 5A 89-121 \u015alesin NIP: 558-187-68-76<\/p>\n","protected":false},"author":1,"featured_media":0,"parent":0,"menu_order":0,"comment_status":"closed","ping_status":"closed","template":"","meta":{"saved_in_kubio":false,"footnotes":""},"class_list":["post-36","page","type-page","status-publish","hentry"],"kubio_ai_page_context":{"short_desc":"","purpose":"general"},"_links":{"self":[{"href":"https:\/\/frezkom.pl\/index.php?rest_route=\/wp\/v2\/pages\/36","targetHints":{"allow":["GET"]}}],"collection":[{"href":"https:\/\/frezkom.pl\/index.php?rest_route=\/wp\/v2\/pages"}],"about":[{"href":"https:\/\/frezkom.pl\/index.php?rest_route=\/wp\/v2\/types\/page"}],"author":[{"embeddable":true,"href":"https:\/\/frezkom.pl\/index.php?rest_route=\/wp\/v2\/users\/1"}],"replies":[{"embeddable":true,"href":"https:\/\/frezkom.pl\/index.php?rest_route=%2Fwp%2Fv2%2Fcomments&post=36"}],"version-history":[{"count":12,"href":"https:\/\/frezkom.pl\/index.php?rest_route=\/wp\/v2\/pages\/36\/revisions"}],"predecessor-version":[{"id":346,"href":"https:\/\/frezkom.pl\/index.php?rest_route=\/wp\/v2\/pages\/36\/revisions\/346"}],"wp:attachment":[{"href":"https:\/\/frezkom.pl\/index.php?rest_route=%2Fwp%2Fv2%2Fmedia&parent=36"}],"curies":[{"name":"wp","href":"https:\/\/api.w.org\/{rel}","templated":true}]}}